312. Calculate the remainder when x(-15) is divided by f.
19
Suppose 34*o + 1364 = 36*o + 5*z, -2*o + 1364 = 4*z. What is the remainder when o is divided by 300?
82
Let a = -5677 - -6260. Calculate the remainder when a is divided by 4.
3
What is the remainder when 2101 is divided by (-905)/(-25) + -4 + 308/385?
22
Let h = -941 + 1379. Let s = h + -398. Calculate the remainder when 319 is divided by s.
39
Suppose 1932 = 110*j - 3018. What is the remainder when 137 is divided by j?
2
Let v = 5 - -14. Let y be (-2)/(-52)*542 + (-16)/(-104). Suppose -y = -4*b - 1. What is the remainder when v is divided by b?
4
Let d be -5 + ((-791)/21 - 4/(-6)). Calculate the remainder when 60 is divided by 564/28 + d/(-49).
18
Calculate the remainder when 6084/754 + -8 + (-45209)/(-29) is divided by 504.
47
Let j = 46 + -44. Let q be (-36)/j*(-8)/12. What is the remainder when ((-1)/3 - 0)*(q + -69) is divided by 10?
9
Let c = 192 + -188. Calculate the remainder when 25 is divided by c.
1
Suppose -49*y - 290 = -5*n - 44*y, 3*y + 121 = 2*n. Let r = -5 - -214. What is the remainder when r is divided by n?
50
Suppose -h = -66 + 3. Let v = h + -1. Calculate the remainder when v is divided by 19.
5
Let m(t) = 7*t**3 + 93*t**2 + 23*t + 16. What is the remainder when m(-12) is divided by 172?
4
Let k(j) = -113*j + 3426. Calculate the remainder when k(27) is divided by 184.
7
Let l(q) = 2070*q**3 - 3*q**2 + 18*q - 18. Calculate the remainder when l(1) is divided by 45.
42
What is the remainder when 319 is divided by 8742/(-564)*(-8)/2?
9
Suppose -471*y - 3877 = -4*v - 476*y, -2*v - y = -1943. Calculate the remainder when v is divided by 482.
9
Let v(t) = t + 7. Let o be v(-2). Suppose 18*c - 13*c = -4*f + 329, o*c - 3*f - 322 = 0. What is the remainder when c is divided by 15?
5
Let s(b) = b**3 - 9*b**2 - 36. Let v be s(10). Suppose -10 = -2*c + v. What is the remainder when 331 is divided by c?
35
Let n = -74430 + 74440. Suppose -d + i = -298 + 19, -4*d = 3*i - 1116. Calculate the remainder when d is divided by n.
9
Let r(w) = 6*w**2 + 94*w + 29. Let s(u) = u**2 + 16*u + 5. Let q(z) = 6*r(z) - 34*s(z). What is the remainder when 243 is divided by q(-13)?
79
Let p(x) = -36*x - 209. Calculate the remainder when 334 is divided by p(-9).
104
Suppose -31*y = -20*y - 55. Let u(x) = -38*x - 2. Let s(o) = -o**3 - 9*o**2 - 9*o - 9. Let p be s(-8). Calculate the remainder when u(p) is divided by y.
1
Let c = -176 - -192. Suppose 0 = -c*f - 2*f + 1206. What is the remainder when 602 is divided by f?
66
Suppose 7224 = 35*w - 5666 + 4315. What is the remainder when w is divided by 87?
71
Suppose 3*l - 118 = -o, -3*o + 216 = 222. What is the remainder when 3877 is divided by l?
37
Let n(l) = -9*l. Let h(y) = 2*y**3 + y**2 - 2*y - 3. Let p be h(-1). Let q = p + 215. Calculate the remainder when q is divided by n(-6).
51
Suppose 502*m = 501*m + 355. Calculate the remainder when m is divided by 31.
14
Let r be (-34)/3 - (3 - 8/6). Calculate the remainder when (174/8)/((-3)/104*r) is divided by 30.
28
Suppose -6*x - 3*k = -4*x - 603, 0 = -7*x + 4*k + 2038. Calculate the remainder when 891 is divided by x.
9
Let a(l) = -84 - 244 - 197 + 90 + 10*l - 50. Calculate the remainder when a(56) is divided by 26.
23
Let l(r) = 6*r**2 + 54*r + 11. Let d be (3*3/(-18))/(1/18). Suppose 2*p - 29 = -2*h + 77, 2*h + 4*p - 104 = 0. What is the remainder when h is divided by l(d)?
10
Let u = 5 - -21. Suppose -28*z = -u*z - 48. Suppose -152 - 82 = -2*o. Calculate the remainder when o is divided by z.
21
Let h(t) = -85*t**2 + t + 4. Let a be ((-2)/(-4))/((-2)/(-8)). Let n be h(a). Calculate the remainder when 6/(-15) - n/10 is divided by 9.
6
Let z(x) = -131*x**2 - 144*x + 3. Calculate the remainder when 396 is divided by z(-1).
12
Let q(s) = 31*s - 6 + 2 - 5 + 4. Calculate the remainder when q(9) is divided by (-9)/(-15) - (-1 - 214/10).
21
Suppose -3*w + 207 = 4*y, 119*w = 102*w - y + 1173. Suppose -52 = -5*j - 17. What is the remainder when w is divided by j?
6
Suppose 0 = q - 4*q + 4*r + 1, 3*r = q + 3. Suppose -m + 17 = -3*b, -q*m + 86 + 0 = -2*b. Calculate the remainder when 93 is divided by m.
29
Let d(y) = y**3 + 4*y**2 - 9*y - 7. Let v be d(-6). Let t = v + 21. Let h = 22 + t. Calculate the remainder when 70 is divided by h.
16
Let b(g) = 70*g - 11655. Calculate the remainder when 721 is divided by b(169).
21
Let l(k) be the first derivative of -28 - 1/3*k**3 - 6*k**2 + 10*k. What is the remainder when l(-9) is divided by 20?
17
Let w(o) = -3*o + 72. Let k be 18 + (8/12)/(4/18). What is the remainder when (-6)/42 + (-316)/(-7) is divided by w(k)?
0
Let f = 1 + 2. Let h be (-12)/(-18) + 2/f*-142. What is the remainder when (14/56)/((-2)/4)*h is divided by 12?
11
Suppose 108*w = -6607 + 16435. What is the remainder when 2087 is divided by w?
85
Calculate the remainder when 20 is divided by 174/870 + 198/10.
0
Let y be ((-18)/(-27))/(0 - (-2)/12). Suppose -257 = y*g - 1113. Calculate the remainder when g is divided by 76.
62
Suppose -709 = -3*f - m, 5*f = 1146*m - 1144*m + 1167. What is the remainder when f is divided by 57?
7
Let c(r) = -2*r**3 - 49*r**2 + 92*r + 161. Calculate the remainder when c(-27) is divided by 98.
48
Let b(q) = -5*q**3 - 19*q**2 - 43*q - 177. Calculate the remainder when 827 is divided by b(-5).
75
Suppose -974 = 4*k + 5*v - 3531, k + 2*v = 640. Suppose -5*q + 2*l - 71 = -473, -2*q - 5*l + 155 = 0. What is the remainder when k is divided by q?
78
Suppose -8*t - 20*t = -504. Suppose 0 = 4*c - k - 21, 3*c - 5 = -5*k - t. What is the remainder when 19 is divided by c?
3
Let l(o) = -3*o**2 - 20*o + 101. Let t(i) = -11*i**2 - 60*i + 305. Let b(g) = 7*l(g) - 2*t(g). Calculate the remainder when 25 is divided by b(6).
12
Suppose 33 = 7*j + 103. Let b(f) = -f**2 - 14*f - 35. Calculate the remainder when 73 is divided by b(j).
3
Let q(h) = -h**2 - 29*h + 20. Let o be q(-28). Suppose 2*r + r - o = 0. Calculate the remainder when 52 is divided by r.
4
Suppose 5*f = 3*o - 67, -9 + 71 = 2*o + f. Let g(d) = d**2 - 7*d - 25. Calculate the remainder when o is divided by g(11).
10
Suppose 16*v - 13*v = 81. Let r(p) = -p**3 + 14*p**2 - 25*p - 25. What is the remainder when r(8) is divided by v?
24
Let g = 8 + -2. What is the remainder when g is divided by -1 + 5 + (31/62)/(2/(-4))?
0
Let g(a) = -a + 2. Let k be g(9). What is the remainder when ((-938)/(-42))/((-3)/27*-3) is divided by 7/(98/(-20))*k?
7
What is the remainder when ((-1753800)/2100)/(1/(-7)) is divided by 234?
230
Suppose 0*l + 9*l + 306 = 0. Let f = 112 + l. Calculate the remainder when f is divided by 8.
6
Let t(q) = -q**2 - 7*q - 25. Let h be t(-4). Let s(n) = -5*n**2 - 68*n + 18. What is the remainder when 339 is divided by s(h)?
54
Let z = -155 + 273. Let q = z - 35. Calculate the remainder when q*(3 - -1)/4 is divided by 21.
20
Suppose -288 = 8*d + 208. Let v = -57 - d. Calculate the remainder when 6 is divided by v.
1
Let i(f) = -f**2 + 12*f - 6. Let r be i(3). Let l = 46 - r. Suppose -5*x + o + 34 = 0, -4*x + 0*o + l = -3*o. Calculate the remainder when 48 is divided by x.
6
Let u(r) = 72*r - 925. Calculate the remainder when u(20) is divided by 179.
157
Let c(k) = -8*k - 12. Let v(x) = -27*x - 38. Let s(l) = 10*c(l) - 3*v(l). Calculate the remainder when 109 is divided by s(34).
25
Suppose -7178 = -4*b + 3*a, -3*a - 23 = -29. What is the remainder when b is divided by 20?
16
Let u be 6/(-5)*(6 - 72/27). Let d be u/(-14) - (-312)/84. Calculate the remainder when ((-3)/d)/(5/(-480)) is divided by 25.
22
Suppose 146*n = -52*n - 35*n + 26795. Calculate the remainder when 686 is divided by n.
111
Let h = -217 - -211. What is the remainder when 23 is divided by h*(-2)/6*2?
3
Suppose 16*c - 18*c = 0. Suppose c = -t - 3*u + 2 - 0, -5*t + u - 70 = 0. Calculate the remainder when (0 + -1)/(2 - (-27)/t) is divided by 3.
1
Let r(i) = 33*i - 1186. Calculate the remainder when r(39) is divided by 20.
1
Suppose 0 = z - 4*p - 19 - 13, 5*z - 4*p - 224 = 0. What is the remainder when 194 + (3 - (-6)/(-4)*4) is divided by z?
47
Let q(g) = -163*g + 1745. What is the remainder when 477 is divided by q(10)?
17
Let t = -153 + -67. Let n(d) = -d**2 - d + 20. What is the remainder when n(0) is divided by (-10)/35 - t/35?
2
Suppose 75 = 5*n 